9, 739
What are the prime factors of 7189?
7, 13, 79
What are the prime factors of 56887?
163, 349
What are the prime factors of 3050?
2, 5, 61
List the prime factors of 27703.
13, 2131
What are the prime factors of 3412?
2, 853
List the prime factors of 51267.
3, 23, 743
What are the prime factors of 13365?
3, 5, 11
List the prime factors of 19843.
19843
What are the prime factors of 9420?
2, 3, 5, 157
What are the prime factors of 887?
887
What are the prime factors of 730?
2, 5, 73
What are the prime factors of 16?
2
What are the prime factors of 24451?
7, 499
List the prime factors of 2257.
37, 61
List the prime factors of 321.
3, 107
List the prime factors of 448.
2, 7
What are the prime factors of 5098?
2, 2549
What are the prime factors of 808?
2, 101
What are the prime factors of 263?
263
What are the prime factors of 8993?
17, 23
List the prime factors of 9973.
9973
What are the prime factors of 1892?
2, 11, 43
List the prime factors of 6470.
2, 5, 647
List the prime factors of 3458.
2, 7, 13, 19
List the prime factors of 76700.
2, 5, 13, 59
What are the prime factors of 3073?
7, 439
List the prime factors of 865.
5, 173
What are the prime factors of 675?
3, 5
What are the prime factors of 33513?
3, 11171
What are the prime factors of 706?
2, 353
What are the prime factors of 5420?
2, 5, 271
List the prime factors of 47769.
3, 15923
What are the prime factors of 6472?
2, 809
List the prime factors of 28227.
3, 97
What are the prime factors of 1358?
2, 7, 97
List the prime factors of 6031.
37, 163
What are the prime factors of 11827?
11827
List the prime factors of 4989.
3, 1663
What are the prime factors of 9864?
2, 3, 137
What are the prime factors of 163?
163
What are the prime factors of 79307?
71, 1117
List the prime factors of 2991.
3, 997
List the prime factors of 27364.
2, 6841
What are the prime factors of 4493?
4493
What are the prime factors of 265?
5, 53
What are the prime factors of 2785?
5, 557
What are the prime factors of 24642?
2, 3, 37
What are the prime factors of 899?
29, 31
List the prime factors of 48429.
3, 5381
List the prime factors of 2584.
2, 17, 19
List the prime factors of 1179.
3, 131
List the prime factors of 5170.
2, 5, 11, 47
List the prime factors of 16142.
2, 7, 1153
What are the prime factors of 4630?
2, 5, 463
What are the prime factors of 123223?
149, 827
What are the prime factors of 5827?
5827
What are the prime factors of 8182?
2, 4091
List the prime factors of 45275.
5, 1811
List the prime factors of 3635.
5, 727
What are the prime factors of 965?
5, 193
List the prime factors of 1508.
2, 13, 29
What are the prime factors of 3197?
23, 139
List the prime factors of 273.
3, 7, 13
List the prime factors of 79329.
3, 31, 853
What are the prime factors of 31695?
3, 5, 2113
What are the prime factors of 1061?
1061
List the prime factors of 939.
3, 313
What are the prime factors of 24814?
2, 19, 653
List the prime factors of 133.
7, 19
List the prime factors of 22845.
3, 5, 1523
What are the prime factors of 1905?
3, 5, 127
List the prime factors of 380.
2, 5, 19
What are the prime factors of 3477?
3, 19, 61
List the prime factors of 38071.
11, 3461
What are the prime factors of 733?
733
What are the prime factors of 106053?
3, 23, 29, 53
List the prime factors of 3646.
2, 1823
List the prime factors of 11004.
2, 3, 7, 131
List the prime factors of 4290.
2, 3, 5, 11, 13
List the prime factors of 867.
3, 17
List the prime factors of 874.
2, 19, 23
What are the prime factors of 19798?
2, 19, 521
List the prime factors of 2841.
3, 947
What are the prime factors of 18261?
3, 2029
What are the prime factors of 258?
2, 3, 43
List the prime factors of 1489.
1489
List the prime factors of 918.
2, 3, 17
What are the prime factors of 11604?
2, 3, 967
What are the prime factors of 7948?
2, 1987
List the prime factors of 7817.
7817
What are the prime factors of 2858?
2, 1429
What are the prime factors of 10198?
2, 5099
List the prime factors of 5695.
5, 17, 67
List the prime factors of 32011.
7, 17, 269
What are the prime factors of 675?
3, 5
What are the prime factors of 1196?
2, 13, 23
List the prime factors of 6126.
2, 3, 1021
List the prime factors of 6988.
2, 1747
List the prime factors of 17173.
13, 1321
List the prime factors of 10848.
2, 3, 113
List the prime factors of 2637.
3, 293
List the prime factors of 3069.
3, 11, 31
List the prime factors of 34.
2, 17
List the prime factors of 1030.
2, 5, 103
List the prime factors of 58009.
7, 8287
What are the prime factors of 46764?
2, 3, 433
List the prime factors of 376.
2, 47
List the prime factors of 25.
5
What are the prime factors of 592?
2, 37
List the prime factors of 67823.
7, 9689
What are the prime factors of 28220?
2, 5, 17, 83
What are the prime factors of 2655?
3, 5, 59
List the prime factors of 9922.
2, 11, 41
List the prime factors of 2783.
11, 23
What are the prime factors of 29772?
2, 3, 827
What are the prime factors of 1788?
2, 3, 149
What are the prime factors of 13081?
103, 127
List the prime factors of 272.
2, 17
List the prime factors of 197.
197
List the prime factors of 30146.
2, 15073
What are the prime factors of 3149?
47, 67
List the prime factors of 3628.
2, 907
What are the prime factors of 187665?
3, 5, 12511
List the prime factors of 9477.
3, 13
What are the prime factors of 391?
17, 23
What are the prime factors of 202?
2, 101
List the prime factors of 2836.
2, 709
What are the prime factors of 2372?
2, 593
List the prime factors of 595.
5, 7, 17
What are the prime factors of 4316?
2, 13, 83
List the prime factors of 2558.
2, 1279
What are the prime factors of 23596?
2, 17, 347
List the prime factors of 1317.
3, 439
List the prime factors of 814.
2, 11, 37
List the prime factors of 537.
3, 179
What are the prime factors of 2481?
3, 827
List the prime factors of 6555.
3, 5, 19, 23
What are the prime factors of 631?
631
List the prime factors of 6360.
2, 3, 5, 53
List the prime factors of 440.
2, 5, 11
List the prime factors of 1871.
1871
List the prime factors of 14708.
2, 3677
List the prime factors of 2874.
2, 3, 479
What are the prime factors of 776?
2, 97
List the prime factors of 2787.
3, 929
List the prime factors of 7095.
3, 5, 11, 43
List the prime factors of 350.
2, 5, 7
List the prime factors of 19779.
3, 19, 347
List the prime factors of 45.
3, 5
List the prime factors of 51914.
2, 101, 257
What are the prime factors of 901?
17, 53
What are the prime factors of 5204?
2, 1301
List the prime factors of 5651.
5651
List the prime factors of 1107.
3, 41
List the prime factors of 1711.
29, 59
What are the prime factors of 108695?
5, 21739
List the prime factors of 1478.
2, 739
List the prime factors of 482.
2, 241
List the prime factors of 11998.
2, 7, 857
What are the prime factors of 9119?
11, 829
What are the prime factors of 2208?
2, 3, 23
List the prime factors of 29180.
2, 5, 1459
List the prime factors of 5692.
2, 1423
List the prime factors of 8112.
2, 3, 13
List the prime factors of 570.
2, 3, 5, 19
List the prime factors of 16011.
3, 593
What are the prime factors of 48216?
2, 3, 7, 41
What are the prime factors of 888?
2, 3, 37
List the prime factors of 1748.
2, 19, 23
List the prime factors of 12369.
3, 7, 19, 31
List the prime factors of 4351.
19, 229
List the prime factors of 2537.
43, 59
List the prime factors of 237.
3, 79
List the prime factors of 44701.
44701
What are the prime factors of 41510?
2, 5, 7, 593
What are the prime factors of 6531?
3, 7, 311
What are the prime factors of 1034?
2, 11, 47
What are the prime factors of 1714?
2, 857
What are the prime factors of 29504?
2, 461
List the prime factors of 1745.
5, 349
List the prime factors of 7478.
2, 3739
List the prime factors of 103595.
5, 20719
List the prime factors of 41831.
59, 709
What are the prime factors of 439?
439
List the prime factors of 30862.
2, 13, 1187
What are the prime factors of 4315?
5, 863
What are the prime factors of 2518?
2, 1259
What are the prime factors of 7452?
2, 3, 23
What are the prime factors of 4863?
3, 1621
List the prime factors of 234.
2, 3, 13
List the prime factors of 9749.
9749
What are the prime factors of 5538?
2, 3, 13, 71
List the prime factors of 67845.
3, 5, 4523
What are the prime factors of 3161?
